{"id":109,"date":"2022-03-28T21:58:12","date_gmt":"2022-03-28T19:58:12","guid":{"rendered":"http:\/\/new.ecolesaintjosephdardilly.fr\/?page_id=109"},"modified":"2024-07-16T18:45:20","modified_gmt":"2024-07-16T16:45:20","slug":"le-projet-pastoral","status":"publish","type":"page","link":"https:\/\/www.ecolesaintjosephdardilly.fr\/index.php\/le-projet-pastoral\/","title":{"rendered":"Le projet pastoral"},"content":{"rendered":"\n<p class=\"has-text-align-center\"><strong><mark style=\"background-color:#edeaa9\" class=\"has-inline-color has-turquoise-color\"><\/mark><\/strong><\/p>\n\n\n<div class=\"wp-block-image\">\n<figure class=\"alignleft size-large is-resized\"><img decoding=\"async\" loading=\"lazy\" src=\"http:\/\/new.ecolesaintjosephdardilly.fr\/wp-content\/uploads\/2022\/05\/DSC_0801-1-1024x841.jpg\" alt=\"\" class=\"wp-image-395\" width=\"369\" height=\"304\" srcset=\"https:\/\/www.ecolesaintjosephdardilly.fr\/wp-content\/uploads\/2022\/05\/DSC_0801-1-1024x841.jpg 1024w, https:\/\/www.ecolesaintjosephdardilly.fr\/wp-content\/uploads\/2022\/05\/DSC_0801-1-300x246.jpg 300w, https:\/\/www.ecolesaintjosephdardilly.fr\/wp-content\/uploads\/2022\/05\/DSC_0801-1-768x631.jpg 768w, https:\/\/www.ecolesaintjosephdardilly.fr\/wp-content\/uploads\/2022\/05\/DSC_0801-1-1536x1262.jpg 1536w, https:\/\/www.ecolesaintjosephdardilly.fr\/wp-content\/uploads\/2022\/05\/DSC_0801-1.jpg 1629w\" sizes=\"(max-width: 369px) 100vw, 369px\" \/><\/figure><\/div>\n\n\n<p class=\"has-text-align-center\"><strong><em>\u00c9vang\u00e9lisation&nbsp;: un projet pastoral fort<\/em><\/strong><\/p>\n\n\n\n<p>&nbsp;L\u2019\u00e9cole propose \u00e0 l\u2019enfant de rencontrer le Christ, de d\u00e9couvrir la foi chr\u00e9tienne et d\u2019apprendre \u00e0 en vivre.<\/p>\n\n\n\n<p><strong><u>Les trois dimensions de l\u2019\u00e9vang\u00e9lisation<\/u><\/strong><\/p>\n\n\n\n<p>Les enfants peuvent grandir dans la foi suivant trois axes qui sont les trois dimensions de l\u2019\u00e9vang\u00e9lisation&nbsp;:<\/p>\n\n\n\n<p><strong><em>Apprendre<\/em><\/strong><\/p>\n\n\n\n<p>L\u2019apprentissage des bases de la foi&nbsp;est assur\u00e9 en classe par la d\u00e9couverte de textes bibliques (sans pour autant faire doublon pour les enfants qui vont au cat\u00e9chisme) et \u00e0 l\u2019ext\u00e9rieur par des visites telles que l\u2019\u00e9glise Saint Jean-Marie Vianney, la maison natale du cur\u00e9 d\u2019Ars et l\u2019oratoire\u2026<\/p>\n\n\n\n<p><strong><em>Vivre<\/em><\/strong><\/p>\n\n\n\n<p>Les enfants sont invit\u00e9s \u00e0 vivre leur foi dans la vie de tous les jours&nbsp;: respect, pardon, partage, et au travers d\u2019actions humanitaires \u00e0 l\u2019occasion du Car\u00eame. C\u2019est au c\u0153ur de chaque classe, \u00e0 travers les liens tiss\u00e9s entre les \u00e9l\u00e8ves et l\u2019enseignant que pourront se lire avec un&nbsp;regard de foi et d\u2019esp\u00e9rance les \u00e9v\u00e9nements de la vie des enfants ou de l\u2019actualit\u00e9. \u00ab&nbsp;Chaque relation v\u00e9cue avec v\u00e9rit\u00e9 dit quelque chose de Dieu.&nbsp;\u00bb<\/p>\n\n\n\n<p><strong><em>Rencontrer<\/em><\/strong><\/p>\n\n\n\n<p><strong>Rencontrer<\/strong> Dieu dans la pri\u00e8re. Les enfants vivent des temps de pri\u00e8re communautaire&nbsp;: messe des familles, messe de la f\u00eate de fin d\u2019ann\u00e9e, c\u00e9l\u00e9brations, etc.&nbsp;et des temps de pri\u00e8re personnelle \u00e0 la chapelle. Durant l\u2019avent et le car\u00eame, l\u2019\u00e9cole propose aux enfants de se rendre ensemble \u00e0 la chapelle pour des temps de recueillement et de pri\u00e8re personnelle.<\/p>\n\n\n\n<p><strong><u>Une mission v\u00e9cue ensemble<\/u><\/strong><\/p>\n\n\n\n<p><strong><em>\u00c9quipe \u00e9ducative, parents<\/em><\/strong><\/p>\n\n\n\n<p>On n\u2019est pas chr\u00e9tien tout seul\u00a0: nous faisons tous partie d\u2019une communaut\u00e9 qui est forte de ce qu\u2019elle croit et de ce qu&#8217;elle vit. L&#8217;adh\u00e9sion des parents au projet renforce le climat familial de l\u2019\u00e9cole. <\/p>\n\n\n\n<p>Une \u00e9quipe de parents vient en renfort aux enseignants pour animer ce temps pastoral qui fait partie int\u00e9grante de l&#8217;\u00e9cole.<\/p>\n\n\n\n<p><strong><em>Paroisse<\/em><\/strong><\/p>\n\n\n\n<p>Un lien fort existe entre l\u2019\u00e9cole et la paroisse&nbsp;:<\/p>\n\n\n\n<ul>\n<li>Chaque ann\u00e9e, des c\u00e9l\u00e9brations sont anim\u00e9es par l\u2019\u00e9cole.<\/li>\n\n\n\n<li>Le P\u00e8re S\u00e9verin, pr\u00eatre r\u00e9f\u00e9rent de notre \u00e9cole, intervient r\u00e9guli\u00e8rement dans les classes et &nbsp;\u00e0 la demande des enseignants.<\/li>\n<\/ul>\n\n\n\n<p><\/p>\n\n\n<div class=\"wp-block-image\">\n<figure class=\"aligncenter size-full is-resized\"><img decoding=\"async\" loading=\"lazy\" src=\"http:\/\/new.ecolesaintjosephdardilly.fr\/wp-content\/uploads\/2023\/07\/image.png\" alt=\"\" class=\"wp-image-558\" width=\"385\" height=\"303\" srcset=\"https:\/\/www.ecolesaintjosephdardilly.fr\/wp-content\/uploads\/2023\/07\/image.png 933w, https:\/\/www.ecolesaintjosephdardilly.fr\/wp-content\/uploads\/2023\/07\/image-300x237.png 300w, https:\/\/www.ecolesaintjosephdardilly.fr\/wp-content\/uploads\/2023\/07\/image-768x607.png 768w\" sizes=\"(max-width: 385px) 100vw, 385px\" \/><figcaption class=\"wp-element-caption\">P\u00e8re S\u00e9verin Lang<\/figcaption><\/figure><\/div>","protected":false},"excerpt":{"rendered":"<p>\u00c9vang\u00e9lisation&nbsp;: un projet pastoral fort &nbsp;L\u2019\u00e9cole propose \u00e0 l\u2019enfant de rencontrer le Christ, de d\u00e9couvrir la foi chr\u00e9tienne et d\u2019apprendre \u00e0 en vivre. Les trois [&hellip;]<\/p>\n","protected":false},"author":2,"featured_media":446,"parent":0,"menu_order":0,"comment_status":"closed","ping_status":"closed","template":"","meta":[],"_links":{"self":[{"href":"https:\/\/www.ecolesaintjosephdardilly.fr\/index.php\/wp-json\/wp\/v2\/pages\/109"}],"collection":[{"href":"https:\/\/www.ecolesaintjosephdardilly.fr\/index.php\/wp-json\/wp\/v2\/pages"}],"about":[{"href":"https:\/\/www.ecolesaintjosephdardilly.fr\/index.php\/wp-json\/wp\/v2\/types\/page"}],"author":[{"embeddable":true,"href":"https:\/\/www.ecolesaintjosephdardilly.fr\/index.php\/wp-json\/wp\/v2\/users\/2"}],"replies":[{"embeddable":true,"href":"https:\/\/www.ecolesaintjosephdardilly.fr\/index.php\/wp-json\/wp\/v2\/comments?post=109"}],"version-history":[{"count":17,"href":"https:\/\/www.ecolesaintjosephdardilly.fr\/index.php\/wp-json\/wp\/v2\/pages\/109\/revisions"}],"predecessor-version":[{"id":807,"href":"https:\/\/www.ecolesaintjosephdardilly.fr\/index.php\/wp-json\/wp\/v2\/pages\/109\/revisions\/807"}],"wp:featuredmedia":[{"embeddable":true,"href":"https:\/\/www.ecolesaintjosephdardilly.fr\/index.php\/wp-json\/wp\/v2\/media\/446"}],"wp:attachment":[{"href":"https:\/\/www.ecolesaintjosephdardilly.fr\/index.php\/wp-json\/wp\/v2\/media?parent=109"}],"curies":[{"name":"wp","href":"https:\/\/api.w.org\/{rel}","templated":true}]}}