{"id":192,"date":"2022-03-28T23:14:42","date_gmt":"2022-03-28T21:14:42","guid":{"rendered":"http:\/\/new.ecolesaintjosephdardilly.fr\/?page_id=192"},"modified":"2025-07-05T12:04:09","modified_gmt":"2025-07-05T10:04:09","slug":"les-inscriptions","status":"publish","type":"page","link":"https:\/\/www.ecolesaintjosephdardilly.fr\/index.php\/les-inscriptions\/","title":{"rendered":"Les inscriptions"},"content":{"rendered":"\n<p>Pour les inscriptions de la rentr\u00e9e 2025-2026, nous vous remercions de contacter l&#8217;\u00e9cole par mail : ecole@esjd.fr \u00e0 partir de la deuxi\u00e8me semaine de novembre 2025, en pr\u00e9cisant votre nom\/pr\u00e9nom et ceux de votre enfant ; la classe d&#8217;inscription, la commune de votre r\u00e9sidence. (la priorit\u00e9 est donn\u00e9e aux  r\u00e9sidents Dardillois)<\/p>\n","protected":false},"excerpt":{"rendered":"<p>Pour les inscriptions de la rentr\u00e9e 2025-2026, nous vous remercions de contacter l&#8217;\u00e9cole par mail : ecole@esjd.fr \u00e0 partir de la deuxi\u00e8me semaine de novembre [&hellip;]<\/p>\n","protected":false},"author":2,"featured_media":0,"parent":0,"menu_order":0,"comment_status":"closed","ping_status":"closed","template":"","meta":[],"_links":{"self":[{"href":"https:\/\/www.ecolesaintjosephdardilly.fr\/index.php\/wp-json\/wp\/v2\/pages\/192"}],"collection":[{"href":"https:\/\/www.ecolesaintjosephdardilly.fr\/index.php\/wp-json\/wp\/v2\/pages"}],"about":[{"href":"https:\/\/www.ecolesaintjosephdardilly.fr\/index.php\/wp-json\/wp\/v2\/types\/page"}],"author":[{"embeddable":true,"href":"https:\/\/www.ecolesaintjosephdardilly.fr\/index.php\/wp-json\/wp\/v2\/users\/2"}],"replies":[{"embeddable":true,"href":"https:\/\/www.ecolesaintjosephdardilly.fr\/index.php\/wp-json\/wp\/v2\/comments?post=192"}],"version-history":[{"count":5,"href":"https:\/\/www.ecolesaintjosephdardilly.fr\/index.php\/wp-json\/wp\/v2\/pages\/192\/revisions"}],"predecessor-version":[{"id":935,"href":"https:\/\/www.ecolesaintjosephdardilly.fr\/index.php\/wp-json\/wp\/v2\/pages\/192\/revisions\/935"}],"wp:attachment":[{"href":"https:\/\/www.ecolesaintjosephdardilly.fr\/index.php\/wp-json\/wp\/v2\/media?parent=192"}],"curies":[{"name":"wp","href":"https:\/\/api.w.org\/{rel}","templated":true}]}}

<p>Pour les inscriptions de la rentrée 2025-2026, nous vous remercions de contacter l&#8217;école par mail : ecole@esjd.fr à partir de la deuxième semaine de novembre 2025, en précisant votre nom/prénom et ceux de votre enfant ; la classe d&#8217;inscription, la commune de votre résidence. (la priorité est donnée aux  résidents Dardillois)</p>

<p>Pour les inscriptions de la rentrée 2025-2026, nous vous remercions de contacter l&#8217;école par mail : ecole@esjd.fr à partir de la deuxième semaine de novembre [&hellip;]</p>
