{"id":546,"date":"2023-06-13T19:03:58","date_gmt":"2023-06-13T17:03:58","guid":{"rendered":"https:\/\/new.ecolesaintjosephdardilly.fr\/?page_id=546"},"modified":"2025-07-05T12:02:43","modified_gmt":"2025-07-05T10:02:43","slug":"les-activites-periscolaires","status":"publish","type":"page","link":"https:\/\/www.ecolesaintjosephdardilly.fr\/index.php\/les-activites-periscolaires\/","title":{"rendered":"Les 4 activit\u00e9s p\u00e9riscolaires"},"content":{"rendered":"\n<h2 class=\"wp-block-heading\">Anglais, Arts Cr\u00e9atifs, Chorale, Th\u00e9\u00e2tre<\/h2>\n\n\n\n<div class=\"wp-block-group alignwide is-layout-constrained\"><div class=\"wp-block-group__inner-container\">\n<figure class=\"wp-block-table alignleft\"><table><tbody><tr><td class=\"has-text-align-center\" data-align=\"center\"><strong><em>ANGLAIS<\/em><\/strong><\/td><\/tr><\/tbody><\/table><figcaption class=\"wp-element-caption\">CP-CM2   <strong>MARDI MIDI<\/strong><br>               <strong>JEUDI MID<\/strong>I<\/figcaption><\/figure>\n<\/div><\/div>\n\n\n\n<p class=\"has-text-align-left\"><img decoding=\"async\" loading=\"lazy\" width=\"308\" height=\"169\" class=\"wp-image-351\" style=\"width: 150px\" src=\"http:\/\/www.ecolesaintjosephdardilly.fr\/wp-content\/uploads\/2022\/05\/Capture.jpg\" alt=\"\" srcset=\"https:\/\/www.ecolesaintjosephdardilly.fr\/wp-content\/uploads\/2022\/05\/Capture.jpg 308w, https:\/\/www.ecolesaintjosephdardilly.fr\/wp-content\/uploads\/2022\/05\/Capture-300x165.jpg 300w\" sizes=\"(max-width: 308px) 100vw, 308px\" \/><\/p>\n\n\n\n<figure class=\"wp-block-table\"><table><tbody><tr><td><\/td><\/tr><\/tbody><\/table><\/figure>\n\n\n\n<div class=\"wp-block-group is-layout-constrained\"><div class=\"wp-block-group__inner-container\">\n<p>24 s\u00e9ances sur l\u2019ann\u00e9e.<\/p>\n\n\n\n<p><strong>&nbsp;D\u00e9but des s\u00e9ances&nbsp;: Mardi 30 SEPTEMBRE 2025<\/strong><\/p>\n\n\n\n<p><strong>Apprendre l\u2019Anglais en jouant par petits groupes de 10\/12 \u00e9l\u00e8ves et par tranches d\u2019\u00e2ge.<\/strong><\/p>\n\n\n\n<p><em>Jeanette favorise l&#8217;expression et la communication orale car le meilleur moyen de faire progresser les enfants dans une langue \u00e9trang\u00e8re est de les faire s\u2019exprimer \u00e0 l\u2019oral de mani\u00e8re interactive.<br>Les enfants participent \u00e0 un atelier hebdomadaire qui suit une progression th\u00e9matique.<br><br>Toutes les activit\u00e9s sont de bons pr\u00e9textes pour apprendre en s\u2019amusant des mots et expressions anglaises : arts, jeux de soci\u00e9t\u00e9, jeux de groupe, chansons, activit\u00e9s manuelles, cuisine, multim\u00e9dias &#8230;<\/em><\/p>\n\n\n\n<p><strong>Des groupes seront effectu\u00e9s en fonction des demandes (en tenant compte du niveau de l\u2019\u00e9l\u00e8ve).<\/strong><\/p>\n<\/div><\/div>\n\n\n\n<div class=\"wp-block-file\"><a id=\"wp-block-file--media-bd97e268-7c7d-4e44-aa28-d5de7b536986\" href=\"https:\/\/www.ecolesaintjosephdardilly.fr\/wp-content\/uploads\/2025\/07\/fiche-dinscription-en-Anglais.docx\">fiche-dinscription-en-Anglais<\/a><a href=\"https:\/\/www.ecolesaintjosephdardilly.fr\/wp-content\/uploads\/2025\/07\/fiche-dinscription-en-Anglais.docx\" class=\"wp-block-file__button wp-element-button\" download aria-describedby=\"wp-block-file--media-bd97e268-7c7d-4e44-aa28-d5de7b536986\">Download<\/a><\/div>\n\n\n\n<div class=\"wp-block-columns is-layout-flex wp-container-6\">\n<div class=\"wp-block-column is-vertically-aligned-center is-layout-flow\" style=\"flex-basis:100%\">\n<figure class=\"wp-block-table alignleft\"><table><tbody><tr><td class=\"has-text-align-center\" data-align=\"center\"><strong><em>ARTS CR\u00c9ATIFS<\/em><\/strong><\/td><\/tr><\/tbody><\/table><figcaption class=\"wp-element-caption\">CP-CM2<\/figcaption><\/figure>\n\n\n\n<div class=\"wp-block-file\"><a id=\"wp-block-file--media-49037ffa-1327-4663-875a-dd73b231727b\" href=\"https:\/\/www.ecolesaintjosephdardilly.fr\/wp-content\/uploads\/2025\/07\/FICHE-inscription-ateliers-creatifs-Ecole-St-Joseph-2025-2026.docx\">FICHE-inscription-ateliers-creatifs-Ecole-St-Joseph-2025-2026<\/a><a href=\"https:\/\/www.ecolesaintjosephdardilly.fr\/wp-content\/uploads\/2025\/07\/FICHE-inscription-ateliers-creatifs-Ecole-St-Joseph-2025-2026.docx\" class=\"wp-block-file__button wp-element-button\" download aria-describedby=\"wp-block-file--media-49037ffa-1327-4663-875a-dd73b231727b\">Download<\/a><\/div>\n\n\n\n<figure class=\"wp-block-image size-full\"><img decoding=\"async\" loading=\"lazy\" width=\"263\" height=\"256\" src=\"http:\/\/www.ecolesaintjosephdardilly.fr\/wp-content\/uploads\/2024\/07\/image.png\" alt=\"\" class=\"wp-image-832\" \/><\/figure>\n<\/div>\n\n\n\n<div class=\"wp-block-column is-layout-flow\"><\/div>\n\n\n\n<div class=\"wp-block-column is-layout-flow\" style=\"flex-basis:100%\">\n<p><strong>Ateliers d\u2019Arts Cr\u00e9atifs pour les enfants du CP au CM2<\/strong><\/p>\n\n\n\n<p><strong>Ecole St Joseph \u00e0 Dardilly \u2013 Ann\u00e9e 2025 \/ 2026<\/strong><\/p>\n\n\n\n<p><strong>Je propose \u00e0 vos enfants de d\u00e9couvrir deux techniques d\u2019Arts Cr\u00e9atifs&nbsp;: le Quilling (papiers roul\u00e9s) et le String Art (fils tendus).<\/strong><\/p>\n\n\n\n<p><strong>Les ateliers commenceront&nbsp;:<\/strong><\/p>\n\n\n\n<ul>\n<li><strong>le lundi 22 septembre 2025, de 11h40 \u00e0 12h30 ou de 12h30 \u00e0 13h20* pour les CE2, CM1 et CM2,<\/strong><\/li>\n\n\n\n<li><strong>le mardi 23 septembre 2025 de 11h40 \u00e0 12h30 ou de 12h30 \u00e0 13h20* pour CP et CE1.<\/strong><\/li>\n<\/ul>\n\n\n\n<p><strong>&nbsp;&nbsp;&nbsp;&nbsp;&nbsp;&nbsp;&nbsp;&nbsp;&nbsp;&nbsp;&nbsp; (*) Si le 1<sup>er<\/sup> groupe est complet<\/strong><\/p>\n\n\n\n<p><strong>Vous pouvez choisir d\u2019inscrire votre enfant&nbsp;:<\/strong><\/p>\n\n\n\n<ul>\n<li><strong>soit sur 1 semestre pour 15 ateliers du 22 septembre 2025 au 27 janvier 2026,<\/strong><\/li>\n\n\n\n<li><strong>soit \u00e0 l\u2019ann\u00e9e pour 30 ateliers du 22 septembre 2025 au 23 juin 2026.<\/strong><\/li>\n<\/ul>\n\n\n\n<p><strong>Inscriptions par mail \u00e0 l\u2019adresse suivante&nbsp;:<\/strong><\/p>\n\n\n\n<p><strong>sandrine.robuschi@laposte.net<\/strong><\/p>\n\n\n\n<p><strong>Les objets sont r\u00e9alis\u00e9s sur plusieurs s\u00e9ances et l\u2019ensemble du mat\u00e9riel n\u00e9cessaire \u00e0 la r\u00e9alisation de l\u2019objet est mis \u00e0 disposition. Voici le premier objet que vos enfants pourront r\u00e9aliser, le choix des couleurs est fonction de l\u2019inspiration de chacun :<\/strong><\/p>\n\n\n\n<figure class=\"wp-block-table\"><table><tbody><tr><td><strong>T\u00e9l : 06 79 94 30 43 &#8211; Mail : sandrine.robuschi@laposte.net &#8211; Site : sandrine-robuschi.fr<\/strong><\/td><\/tr><\/tbody><\/table><\/figure>\n<\/div>\n<\/div>\n\n\n\n<figure class=\"wp-block-table alignleft\"><table><tbody><tr><td class=\"has-text-align-center\" data-align=\"center\"><strong><em>CHORALE<\/em><\/strong><\/td><\/tr><\/tbody><\/table><figcaption class=\"wp-element-caption\">CE1-CM2<\/figcaption><\/figure>\n\n\n\n<p><strong><em>jeudi midi<\/em><\/strong><\/p>\n\n\n\n<figure class=\"wp-block-image size-full\"><img decoding=\"async\" loading=\"lazy\" width=\"225\" height=\"220\" src=\"http:\/\/www.ecolesaintjosephdardilly.fr\/wp-content\/uploads\/2024\/07\/image-3.png\" alt=\"\" class=\"wp-image-841\" \/><\/figure>\n\n\n\n<div class=\"wp-block-group is-vertical is-layout-flex wp-container-7\">\n<div class=\"wp-block-file\"><a id=\"wp-block-file--media-112033bf-e0ce-49f5-97d7-be0d67a9912e\" href=\"https:\/\/www.ecolesaintjosephdardilly.fr\/wp-content\/uploads\/2025\/07\/FICHE-inscription-chorale-2025-2026-a-midi.docx\">FICHE-inscription-chorale-2025-2026-a-midi<\/a><a href=\"https:\/\/www.ecolesaintjosephdardilly.fr\/wp-content\/uploads\/2025\/07\/FICHE-inscription-chorale-2025-2026-a-midi.docx\" class=\"wp-block-file__button wp-element-button\" download aria-describedby=\"wp-block-file--media-112033bf-e0ce-49f5-97d7-be0d67a9912e\">Download<\/a><\/div>\n\n\n\n<p>Chers parents,&nbsp;<\/p>\n\n\n\n<p>Pour l\u2019ann\u00e9e scolaire 2025-2026, <strong>l\u2019\u00e9quipe pastorale<\/strong> propose de continuer l\u2019activit\u00e9 chorale<strong> pour les enfants<\/strong> <strong>volontaires<\/strong> \u00e0 partir du CE1, afin de monter un conte musical et dont une repr\u00e9sentation aura lieu fin mai 2026.<\/p>\n\n\n\n<p>Les places sont limit\u00e9es, 25 places sont propos\u00e9es&nbsp;!<\/p>\n\n\n\n<p>Le r\u00e9pertoire sera compos\u00e9 de <strong>chants religieux<\/strong>. Proche ou plus \u00e9loign\u00e9 de la foi, votre enfant est le bienvenu ! &nbsp;Il suffit d\u2019aimer et de savoir chanter !<\/p>\n\n\n\n<p>Les s\u00e9ances auront lieu les jeudis, sur le temps du d\u00e9jeuner, de 11h40 \u00e0 12h30, au sein de l\u2019\u00e9cole, \u00e0 partir du 9 octobre 2025. La premi\u00e8re s\u00e9ance nous permettra de d\u00e9finir les pupitres et de tester les voix.&nbsp;<\/p>\n\n\n\n<p>Une <strong>participation financi\u00e8re de 55\u20ac<\/strong> (ch\u00e8que \u00e0 l\u2019ordre de l\u2019OGEC, 100\u20ac pour 2 enfants) est demand\u00e9e. Ce tarif permet d\u2019englober de nombreux frais (mat\u00e9riel, costume, d\u00e9cor, sonorisation, droits d\u2019auteurs, impressions\u2026) li\u00e9 \u00e0 la r\u00e9alisation de ce projet. Les encadrants, dans une d\u00e9marche de mission pastorale, restent b\u00e9n\u00e9voles. Le prix ne doit en aucun cas \u00eatre un frein \u00e0 cette activit\u00e9, n\u2019h\u00e9sitez pas \u00e0 nous contacter sur ce point si besoin.<\/p>\n\n\n\n<p>Nous nous tenons \u00e0 votre disposition pour toutes questions: choralestjodardilly@gmail.com<\/p>\n\n\n\n<p>L\u2019\u00e9quipe pastorale<\/p>\n<\/div>\n\n\n\n<figure class=\"wp-block-table alignleft\"><table><tbody><tr><td class=\"has-text-align-center\" data-align=\"center\"><strong>TH\u00c9\u00c2TRE<\/strong><\/td><\/tr><\/tbody><\/table><figcaption class=\"wp-element-caption\">CP-CM2<\/figcaption><\/figure>\n\n\n\n<p><strong>&nbsp;<\/strong><\/p>\n\n\n\n<figure class=\"wp-block-image size-full is-resized is-style-rounded\"><img decoding=\"async\" loading=\"lazy\" src=\"http:\/\/www.ecolesaintjosephdardilly.fr\/wp-content\/uploads\/2024\/07\/image-4.png\" alt=\"\" class=\"wp-image-851\" width=\"193\" height=\"147\" \/><\/figure>\n\n\n\n<p><strong>&nbsp;ATELIER THEATRE POUR LES CP\/CE1\/CE2\/CM1\/CM2<\/strong><\/p>\n\n\n\n<p><strong>Les mardis midi<\/strong><\/p>\n\n\n\n<p><strong>23 s\u00e9ances sur l\u2019ann\u00e9e.<\/strong><\/p>\n\n\n\n<p><strong>D\u00e9but des s\u00e9ances le&nbsp;: Mardi 23 septembre 2025<\/strong><\/p>\n\n\n\n<p><strong>&nbsp;DEUX ATELIERS&nbsp;:<\/strong><\/p>\n\n\n\n<p><strong>IMPROVISATIONS <\/strong>et exercices de th\u00e9\u00e2tre<\/p>\n\n\n\n<p><strong>PIECE DE THEATRE <\/strong>et exercices de th\u00e9\u00e2tre<\/p>\n\n\n\n<ul>\n<li><strong>D\u00e9roulement de l\u2019ann\u00e9e&nbsp;:<\/strong><\/li>\n<\/ul>\n\n\n\n<p>Une premi\u00e8re partie&nbsp;: les enfants inscrits&nbsp;seront tous ensemble&nbsp;: les mardis 23 et 30\/09&nbsp;; 7 et 14 octobre<\/p>\n\n\n\n<p>Suivie de la cr\u00e9ation de 2 groupes&nbsp;:<\/p>\n\n\n\n<p>18 et 25\/11\/25<\/p>\n\n\n\n<p>2 et 9\/12\/25<\/p>\n\n\n\n<p>6 et 13\/01\/26<\/p>\n\n\n\n<p>3 et 24\/02\/26<\/p>\n\n\n\n<p>3, 10,17, 24 et 31 \/03\/26<\/p>\n\n\n\n<p>21 et 28\/04\/26<\/p>\n\n\n\n<p>5 et 12\/05\/26<\/p>\n\n\n\n<p>R\u00e9p\u00e9tition g\u00e9n\u00e9rale&nbsp;: 19\/05\/26, suivie du spectacle le soir<\/p>\n\n\n\n<p>Un r\u00e9union pour expliquer l\u2019ann\u00e9e th\u00e9\u00e2tre d\u00e9but septembre<\/p>\n\n\n\n<p>Spectacle&nbsp;:&nbsp; date \u00e0 confirmer<\/p>\n\n\n\n<p>Co\u00fbt de l\u2019atelier&nbsp;: 250 Euros. Possibilit\u00e9 de r\u00e8glement en deux ch\u00e8ques de 125 euros.<\/p>\n\n\n\n<p><\/p>\n\n\n\n<div class=\"wp-block-file\"><a id=\"wp-block-file--media-0d09360b-249a-42c0-9107-89a993c1fc33\" href=\"https:\/\/www.ecolesaintjosephdardilly.fr\/wp-content\/uploads\/2025\/07\/FICHE-inscription-theatre-2025-2026.docx\">FICHE-inscription-theatre-2025-2026<\/a><a href=\"https:\/\/www.ecolesaintjosephdardilly.fr\/wp-content\/uploads\/2025\/07\/FICHE-inscription-theatre-2025-2026.docx\" class=\"wp-block-file__button wp-element-button\" download aria-describedby=\"wp-block-file--media-0d09360b-249a-42c0-9107-89a993c1fc33\">Download<\/a><\/div>\n","protected":false},"excerpt":{"rendered":"<p>Anglais, Arts Cr\u00e9atifs, Chorale, Th\u00e9\u00e2tre ANGLAIS CP-CM2 MARDI MIDI JEUDI MIDI 24 s\u00e9ances sur l\u2019ann\u00e9e. &nbsp;D\u00e9but des s\u00e9ances&nbsp;: Mardi 30 SEPTEMBRE 2025 Apprendre l\u2019Anglais en [&hellip;]<\/p>\n","protected":false},"author":5,"featured_media":0,"parent":0,"menu_order":0,"comment_status":"closed","ping_status":"closed","template":"","meta":[],"_links":{"self":[{"href":"https:\/\/www.ecolesaintjosephdardilly.fr\/index.php\/wp-json\/wp\/v2\/pages\/546"}],"collection":[{"href":"https:\/\/www.ecolesaintjosephdardilly.fr\/index.php\/wp-json\/wp\/v2\/pages"}],"about":[{"href":"https:\/\/www.ecolesaintjosephdardilly.fr\/index.php\/wp-json\/wp\/v2\/types\/page"}],"author":[{"embeddable":true,"href":"https:\/\/www.ecolesaintjosephdardilly.fr\/index.php\/wp-json\/wp\/v2\/users\/5"}],"replies":[{"embeddable":true,"href":"https:\/\/www.ecolesaintjosephdardilly.fr\/index.php\/wp-json\/wp\/v2\/comments?post=546"}],"version-history":[{"count":30,"href":"https:\/\/www.ecolesaintjosephdardilly.fr\/index.php\/wp-json\/wp\/v2\/pages\/546\/revisions"}],"predecessor-version":[{"id":934,"href":"https:\/\/www.ecolesaintjosephdardilly.fr\/index.php\/wp-json\/wp\/v2\/pages\/546\/revisions\/934"}],"wp:attachment":[{"href":"https:\/\/www.ecolesaintjosephdardilly.fr\/index.php\/wp-json\/wp\/v2\/media?parent=546"}],"curies":[{"name":"wp","href":"https:\/\/api.w.org\/{rel}","templated":true}]}}