{"id":66,"date":"2021-07-14T18:19:59","date_gmt":"2021-07-14T16:19:59","guid":{"rendered":"http:\/\/new.ecolesaintjosephdardilly.fr\/?page_id=66"},"modified":"2022-12-04T21:57:27","modified_gmt":"2022-12-04T20:57:27","slug":"le-reglement-interieur","status":"publish","type":"page","link":"https:\/\/www.ecolesaintjosephdardilly.fr\/index.php\/le-reglement-interieur\/","title":{"rendered":"Le r\u00e8glement int\u00e9rieur"},"content":{"rendered":"\n<ul><li><strong>Horaires scolaires et ponctualit\u00e9<\/strong><\/li><\/ul>\n\n\n\n<p>Les horaires et les dates officielles des cong\u00e9s scolaires doivent \u00eatre respect\u00e9s. La ponctualit\u00e9 est un \u00e9l\u00e9ment important de la vie scolaire, aussi bien pour l\u2019arriv\u00e9e \u00e0 l\u2019\u00e9cole que pour les sorties de l\u2019\u00e9cole. La scolarit\u00e9 est obligatoire d\u00e8s l\u2019entr\u00e9e au CP. Votre vigilance doit se porter sur ces points afin que vos enfants soient conscients de l\u2019int\u00e9r\u00eat que vous portez \u00e0 leur \u00e9ducation.<\/p>\n\n\n\n<p><strong>Horaires maternelles&nbsp;:<\/strong><\/p>\n\n\n\n<p>8h20 \u00e0 8h30&nbsp;&nbsp;&nbsp;&nbsp;&nbsp;&nbsp; accueil des enfants en classe<\/p>\n\n\n\n<p>11h35&nbsp;&nbsp;&nbsp;&nbsp;&nbsp;&nbsp;&nbsp;&nbsp;&nbsp;&nbsp;&nbsp;&nbsp;&nbsp;&nbsp;&nbsp;&nbsp; sortie dans la salle d\u2019\u00e9volution<\/p>\n\n\n\n<p>13h20 \u00e0 13h30&nbsp;&nbsp;&nbsp;&nbsp;accueil<\/p>\n\n\n\n<p>16h30&nbsp;&nbsp;&nbsp;&nbsp;&nbsp;&nbsp;&nbsp;&nbsp;&nbsp;&nbsp;&nbsp;&nbsp;&nbsp;&nbsp;&nbsp;&nbsp; sortie dans la classe<\/p>\n\n\n\n<p><strong>Horaires primaires&nbsp;:<\/strong><\/p>\n\n\n\n<p>8h20 \u00e0 8h30&nbsp;&nbsp;&nbsp;&nbsp;&nbsp;&nbsp; accueil dans la classe.&nbsp;Il est imp\u00e9ratif que les \u00e9l\u00e8ves soient tous en classe install\u00e9s \u00e0 8h30.<\/p>\n\n\n\n<p>8h30&nbsp;&nbsp;&nbsp;&nbsp;&nbsp;&nbsp;&nbsp;&nbsp;&nbsp;&nbsp;&nbsp;&nbsp;&nbsp;&nbsp;&nbsp;&nbsp;&nbsp;&nbsp; d\u00e9but des cours<\/p>\n\n\n\n<p>11h40&nbsp;&nbsp;&nbsp;&nbsp;&nbsp;&nbsp;&nbsp;&nbsp;&nbsp;&nbsp;&nbsp;&nbsp;&nbsp;&nbsp;&nbsp;&nbsp; sortie accompagn\u00e9e jusqu\u2019\u00e0 la zone d\u2019attente<\/p>\n\n\n\n<p>13h20&nbsp;&nbsp;&nbsp;&nbsp;&nbsp;&nbsp;&nbsp;&nbsp;&nbsp;&nbsp;&nbsp;&nbsp;&nbsp;&nbsp;&nbsp;&nbsp; accueil<\/p>\n\n\n\n<p>13h30&nbsp;&nbsp;&nbsp;&nbsp;&nbsp;&nbsp;&nbsp;&nbsp;&nbsp;&nbsp;&nbsp;&nbsp;&nbsp;&nbsp;&nbsp;&nbsp; d\u00e9but des cours<\/p>\n\n\n\n<p>16h30&nbsp;&nbsp;&nbsp;&nbsp;&nbsp;&nbsp;&nbsp;&nbsp;&nbsp;&nbsp;&nbsp;&nbsp;&nbsp;&nbsp;&nbsp;&nbsp; sortie dans la zone d\u2019attente<\/p>\n\n\n\n<p>Les enfants passent sous la responsabilit\u00e9 des parents d\u00e8s qu\u2019ils leur ont \u00e9t\u00e9 confi\u00e9s<\/p>\n\n\n\n<p>L\u2019acc\u00e8s aux aires de jeux est strictement interdit aux horaires de sortie.<\/p>\n\n\n\n<p>L\u2019\u00e9cole est ferm\u00e9e d\u00e8s 8h40 et 11h50 pour le matin et 13h35 l\u2019apr\u00e8s midi.<\/p>\n\n\n\n<ul><li><strong>Temps p\u00e9ri-scolaire<\/strong><\/li><\/ul>\n\n\n\n<p><em>Garderie du matin<\/em><\/p>\n\n\n\n<p>Les enfants sont accueillis de 7h30 \u00e0 7h40 jusqu\u2019\u00e0 8h20, heure \u00e0 laquelle les enfants des cycles 1 et 2 seront accompagn\u00e9s dans leur classe et ceux du cycle 3 rejoindront leur enseignant.<\/p>\n\n\n\n<p><em>Cantine<\/em><\/p>\n\n\n\n<p>Les repas se d\u00e9roulent en deux services. Les enfants sont r\u00e9partis par classe d\u2019\u00e2ge et sont pris en charge par quatre personnes (deux au r\u00e9fectoire et deux en surveillance\/animation).<\/p>\n\n\n\n<p><em>Garderie du soir et \u00e9tude<\/em><\/p>\n\n\n\n<p>La garderie du soir est r\u00e9serv\u00e9e d\u00e8s 16h30 aux enfants des classes maternelles. Les parents viennent les y chercher jusqu\u2019\u00e0 18h15 dernier d\u00e9lai. Au-del\u00e0 de cet horaire, les enfants seront conduits dans le bureau de la directrice.<\/p>\n\n\n\n<p>Les \u00e9l\u00e8ves du primaire sont pris en charge de 16h30 \u00e0 17h30 \u00e0 l\u2019\u00e9tude puis conduits \u00e0 la garderie dans la classe de CM1. Les parents viennent les y chercher jusqu\u2019\u00e0 18h15 dernier d\u00e9lai. Au-del\u00e0 de cet horaire, les enfants seront conduits dans le bureau de la directrice.<\/p>\n\n\n\n<ul><li><strong>Relations parents\u2013enfants<\/strong><\/li><\/ul>\n\n\n\n<p>Pour tout changement de garde ou personne qui vient chercher l\u2019enfant exceptionnellement, l\u2019enseignant doit \u00eatre averti par \u00e9crit.<\/p>\n\n\n\n<p>Toute vacance anticip\u00e9e, prolong\u00e9e ou hors temps l\u00e9gal est interdite.<\/p>\n\n\n\n<p>Les enfants malades ne sont pas accept\u00e9s en classe. Tout enfant contagieux devra respecter une \u00e9viction scolaire appropri\u00e9e. A son retour, un certificat m\u00e9dical de non-contagion est souhaitable.<\/p>\n\n\n\n<p><em>Pour les classes primaires<\/em><\/p>\n\n\n\n<p>Les absences doivent \u00eatre signal\u00e9es au plus t\u00f4t par t\u00e9l\u00e9phone au secr\u00e9tariat, sur le r\u00e9pondeur de l\u2019\u00e9cole au 04 78 43 20 89 ou par mail \u00e0 l\u2019adresse <a href=\"mailto:ecole@esjd.fr\" data-type=\"mailto\" data-id=\"mailto:ecole@esjd.fr\">ecole.@esjd.fr<\/a>. Elles seront justifi\u00e9es par \u00e9crit d\u00e8s le retour de l\u2019enfant sur la feuille d\u2019absence\u00a0du cahier de liaison. Au-del\u00e0 de trois jours, un certificat m\u00e9dical sera exig\u00e9 au retour de l\u2019enfant.<\/p>\n\n\n\n<p><em>Pour les classes maternelles<\/em><\/p>\n\n\n\n<p>Merci de nous signaler les absences afin de mieux g\u00e9rer l\u2019organisation de la classe.<\/p>\n\n\n\n<p>Les parents sont pri\u00e9s de signaler aux enseignants les troubles de sant\u00e9 susceptibles d\u2019\u00eatre g\u00eanants ou dangereux pour la vie de l\u2019\u00e9cole. Les enseignants ne sont pas habilit\u00e9s \u00e0 administrer les \u00e9ventuelles prises de m\u00e9dicaments. Les enfants doivent arriver \u00e0 l\u2019\u00e9cole dans un \u00e9tat de propret\u00e9 et de bonne sant\u00e9. Il est recommand\u00e9 de ne pas abuser de confiseries. Les go\u00fbters ne sont pas n\u00e9cessaires si l\u2019enfant a d\u00e9jeun\u00e9 le matin (hygi\u00e8ne de vie qui s\u2019\u00e9duque petit).<\/p>\n\n\n\n<ul><li><strong>R\u00e8gles de vie \u00e0 respecter par les enfants<\/strong><\/li><\/ul>\n\n\n\n<p>L\u2019introduction d\u2019objets de valeur ou dangereux, d\u2019argent non pr\u00e9vu, de m\u00e9dicaments est interdite. De m\u00eame les chewing-gums et les sucettes ne sont pas autoris\u00e9s.<\/p>\n\n\n\n<p>Les collections type cartes sont interdites car source de conflits.<\/p>\n\n\n\n<p>Les enfants doivent prendre soin de leurs affaires. Les v\u00eatements \u00e9gar\u00e9s doivent \u00eatre r\u00e9clam\u00e9s aupr\u00e8s de la directrice. Les livres, chaises, bureaux, et autres mat\u00e9riels mis \u00e0 disposition des enfants doivent \u00eatre respect\u00e9s.<\/p>\n\n\n\n<p>Les \u00e9l\u00e8ves se doivent un respect mutuel. Ils doivent respect et ob\u00e9issance \u00e0 tous les adultes intervenant \u00e0 l\u2019\u00e9cole (enseignants, surveillants, personnel de service, intervenants en sport, musique et anglais). De m\u00eame, chacun est invit\u00e9 \u00e0 se ma\u00eetriser pour \u00e9viter toute bagarre ou parole blessante.<\/p>\n\n\n\n<ul><li><strong>Sanctions en cas de manquement au r\u00e8glement<\/strong><\/li><\/ul>\n\n\n\n<p>&#8211;&nbsp;En cas de non-respect du mat\u00e9riel, il sera demand\u00e9 \u00e0 l\u2019enfant la r\u00e9paration, le remplacement ou le nettoyage des objets ou des lieux d\u00e9grad\u00e9s.<\/p>\n\n\n\n<p>&#8211;&nbsp;En cas de non-respect de la personne, une sanction imm\u00e9diate sera donn\u00e9e.<\/p>\n\n\n\n<p>&#8211;&nbsp;Un entretien avec le chef d\u2019\u00e9tablissement, l\u2019enseignant et l\u2019enfant fera l\u2019objet d\u2019un contrat \u00e9crit d\u2019engagement de l\u2019\u00e9l\u00e8ve.<\/p>\n\n\n\n<p>&#8211;&nbsp;Rester en retenue apr\u00e8s 16h30 ou le mercredi matin.<\/p>\n\n\n\n<p>&#8211;&nbsp;Exclusion temporaire de la classe (travail suppl\u00e9mentaire).<\/p>\n\n\n\n<p>&#8211;&nbsp;Exclusion d\u00e9finitive (garderie, cantine, \u00e9tude, \u00e9cole).<\/p>\n\n\n\n<p>L\u2019encadrement est seul habilit\u00e9 \u00e0 donner une sanction.<\/p>\n\n\n\n<p>Tout avertissement sera sign\u00e9 par la direction et par les parents.<\/p>\n","protected":false},"excerpt":{"rendered":"<p>Horaires scolaires et ponctualit\u00e9 Les horaires et les dates officielles des cong\u00e9s scolaires doivent \u00eatre respect\u00e9s. La ponctualit\u00e9 est un \u00e9l\u00e9ment important de la vie [&hellip;]<\/p>\n","protected":false},"author":2,"featured_media":0,"parent":0,"menu_order":0,"comment_status":"closed","ping_status":"closed","template":"","meta":[],"_links":{"self":[{"href":"https:\/\/www.ecolesaintjosephdardilly.fr\/index.php\/wp-json\/wp\/v2\/pages\/66"}],"collection":[{"href":"https:\/\/www.ecolesaintjosephdardilly.fr\/index.php\/wp-json\/wp\/v2\/pages"}],"about":[{"href":"https:\/\/www.ecolesaintjosephdardilly.fr\/index.php\/wp-json\/wp\/v2\/types\/page"}],"author":[{"embeddable":true,"href":"https:\/\/www.ecolesaintjosephdardilly.fr\/index.php\/wp-json\/wp\/v2\/users\/2"}],"replies":[{"embeddable":true,"href":"https:\/\/www.ecolesaintjosephdardilly.fr\/index.php\/wp-json\/wp\/v2\/comments?post=66"}],"version-history":[{"count":4,"href":"https:\/\/www.ecolesaintjosephdardilly.fr\/index.php\/wp-json\/wp\/v2\/pages\/66\/revisions"}],"predecessor-version":[{"id":528,"href":"https:\/\/www.ecolesaintjosephdardilly.fr\/index.php\/wp-json\/wp\/v2\/pages\/66\/revisions\/528"}],"wp:attachment":[{"href":"https:\/\/www.ecolesaintjosephdardilly.fr\/index.php\/wp-json\/wp\/v2\/media?parent=66"}],"curies":[{"name":"wp","href":"https:\/\/api.w.org\/{rel}","templated":true}]}}