{"id":68,"date":"2021-07-14T18:37:52","date_gmt":"2021-07-14T16:37:52","guid":{"rendered":"http:\/\/new.ecolesaintjosephdardilly.fr\/?page_id=68"},"modified":"2025-07-05T12:07:54","modified_gmt":"2025-07-05T10:07:54","slug":"les-contacts","status":"publish","type":"page","link":"https:\/\/www.ecolesaintjosephdardilly.fr\/index.php\/les-contacts\/","title":{"rendered":"Les contacts"},"content":{"rendered":"\n<p class=\"has-text-align-center\">Vous pouvez contacter l\u2019\u00e9cole au 04 78 43 20 89<\/p>\n\n\n\n<p class=\"has-text-align-center\">ou par mail <a href=\"mailto:Ecole.st.joseph.dardilly@wanadoo.fr\">ecole@esjd.fr<\/a><\/p>\n\n\n\n<p class=\"has-text-align-center\">Chef d&#8217;\u00e9tablissement&nbsp;:&nbsp;<strong>Sandrine VARLET<\/strong><\/p>\n\n\n\n<p class=\"has-text-align-center\">Pr\u00e9sident OGEC\u00a0:\u00a0<strong>Louis DE CHANTERAC<\/strong><\/p>\n\n\n\n<p class=\"has-text-align-center\"><a href=\"mailto:%20ogec@ecolesaintjosephdardilly.fr\">ogec@ecolesaintjosephdardilly.fr<\/a><\/p>\n\n\n\n<p class=\"has-text-align-center\">Pr\u00e9sident APEL\u00a0:\u00a0<strong>Julien OGIER<\/strong><\/p>\n\n\n\n<p class=\"has-text-align-center\"><a href=\"mailto:apel@ecolesaintjosephdardilly.fr\">apel@ecolesaintjosephdardilly.fr<\/a><\/p>\n\n\n\n<h2 class=\"wp-block-heading has-text-align-center\">Plan d&#8217;acc\u00e8s<\/h2>\n\n\n\n<p class=\"has-text-align-center\"><em>Ecole Saint Joseph<\/em><br><em>9 rue du Cur\u00e9 d\u2019Ars<\/em><br><em>69 570 Dardilly<\/em><\/p>\n\n\n<div class=\"wp-block-image\">\n<figure class=\"aligncenter size-large\"><img decoding=\"async\" loading=\"lazy\" width=\"428\" height=\"401\" src=\"http:\/\/new.ecolesaintjosephdardilly.fr\/wp-content\/uploads\/2021\/07\/EcoleStJosephDardillyPlanDAcces.png\" alt=\"\" class=\"wp-image-85\" srcset=\"https:\/\/www.ecolesaintjosephdardilly.fr\/wp-content\/uploads\/2021\/07\/EcoleStJosephDardillyPlanDAcces.png 428w, https:\/\/www.ecolesaintjosephdardilly.fr\/wp-content\/uploads\/2021\/07\/EcoleStJosephDardillyPlanDAcces-300x281.png 300w\" sizes=\"(max-width: 428px) 100vw, 428px\" \/><\/figure><\/div>\n\n\n<p><\/p>\n","protected":false},"excerpt":{"rendered":"<p>Vous pouvez contacter l\u2019\u00e9cole au 04 78 43 20 89 ou par mail ecole@esjd.fr Chef d&#8217;\u00e9tablissement&nbsp;:&nbsp;Sandrine VARLET Pr\u00e9sident OGEC\u00a0:\u00a0Louis DE CHANTERAC ogec@ecolesaintjosephdardilly.fr Pr\u00e9sident APEL\u00a0:\u00a0Julien OGIER [&hellip;]<\/p>\n","protected":false},"author":2,"featured_media":0,"parent":0,"menu_order":0,"comment_status":"closed","ping_status":"closed","template":"","meta":[],"_links":{"self":[{"href":"https:\/\/www.ecolesaintjosephdardilly.fr\/index.php\/wp-json\/wp\/v2\/pages\/68"}],"collection":[{"href":"https:\/\/www.ecolesaintjosephdardilly.fr\/index.php\/wp-json\/wp\/v2\/pages"}],"about":[{"href":"https:\/\/www.ecolesaintjosephdardilly.fr\/index.php\/wp-json\/wp\/v2\/types\/page"}],"author":[{"embeddable":true,"href":"https:\/\/www.ecolesaintjosephdardilly.fr\/index.php\/wp-json\/wp\/v2\/users\/2"}],"replies":[{"embeddable":true,"href":"https:\/\/www.ecolesaintjosephdardilly.fr\/index.php\/wp-json\/wp\/v2\/comments?post=68"}],"version-history":[{"count":6,"href":"https:\/\/www.ecolesaintjosephdardilly.fr\/index.php\/wp-json\/wp\/v2\/pages\/68\/revisions"}],"predecessor-version":[{"id":939,"href":"https:\/\/www.ecolesaintjosephdardilly.fr\/index.php\/wp-json\/wp\/v2\/pages\/68\/revisions\/939"}],"wp:attachment":[{"href":"https:\/\/www.ecolesaintjosephdardilly.fr\/index.php\/wp-json\/wp\/v2\/media?parent=68"}],"curies":[{"name":"wp","href":"https:\/\/api.w.org\/{rel}","templated":true}]}}

<p class="has-text-align-center">Vous pouvez contacter l’école au 04 78 43 20 89</p>



<p class="has-text-align-center">ou par mail <a href="mailto:Ecole.st.joseph.dardilly@wanadoo.fr">ecole@esjd.fr</a></p>



<p class="has-text-align-center">Chef d&#8217;établissement&nbsp;:&nbsp;<strong>Sandrine VARLET</strong></p>



<p class="has-text-align-center">Président OGEC : <strong>Louis DE CHANTERAC</strong></p>



<p class="has-text-align-center"><a href="mailto:%20ogec@ecolesaintjosephdardilly.fr">ogec@ecolesaintjosephdardilly.fr</a></p>



<p class="has-text-align-center">Président APEL : <strong>Julien OGIER</strong></p>



<p class="has-text-align-center"><a href="mailto:apel@ecolesaintjosephdardilly.fr">apel@ecolesaintjosephdardilly.fr</a></p>



<h2 class="wp-block-heading has-text-align-center">Plan d&#8217;accès</h2>



<p class="has-text-align-center"><em>Ecole Saint Joseph</em><br><em>9 rue du Curé d’Ars</em><br><em>69 570 Dardilly</em></p>


<div class="wp-block-image">
<figure class="aligncenter size-large"><img decoding="async" loading="lazy" width="428" height="401" src="http://new.ecolesaintjosephdardilly.fr/wp-content/uploads/2021/07/EcoleStJosephDardillyPlanDAcces.png" alt="" class="wp-image-85" srcset="https://www.ecolesaintjosephdardilly.fr/wp-content/uploads/2021/07/EcoleStJosephDardillyPlanDAcces.png 428w, https://www.ecolesaintjosephdardilly.fr/wp-content/uploads/2021/07/EcoleStJosephDardillyPlanDAcces-300x281.png 300w" sizes="(max-width: 428px) 100vw, 428px" /></figure></div>


<p></p>

<p>Vous pouvez contacter l’école au 04 78 43 20 89 ou par mail ecole@esjd.fr Chef d&#8217;établissement&nbsp;:&nbsp;Sandrine VARLET Président OGEC : Louis DE CHANTERAC ogec@ecolesaintjosephdardilly.fr Président APEL : Julien OGIER [&hellip;]</p>
