{"id":81,"date":"2021-07-14T18:45:12","date_gmt":"2021-07-14T16:45:12","guid":{"rendered":"http:\/\/new.ecolesaintjosephdardilly.fr\/?page_id=81"},"modified":"2021-07-14T19:13:13","modified_gmt":"2021-07-14T17:13:13","slug":"liens-utiles","status":"publish","type":"page","link":"https:\/\/www.ecolesaintjosephdardilly.fr\/index.php\/liens-utiles\/","title":{"rendered":"Liens utiles"},"content":{"rendered":"\n<p>Voici quelques liens qui sont toujours utiles :<\/p>\n\n\n\n<ul><li><a href=\"https:\/\/www.ecoledirecte.com\/\" data-type=\"URL\" data-id=\"https:\/\/www.ecoledirecte.com\/\">Ecole Directe<\/a><\/li><li><a href=\"https:\/\/www.toutemonannee.com\/\" data-type=\"URL\" data-id=\"https:\/\/www.toutemonannee.com\/\">TouteMonAnn\u00e9e<\/a><\/li><li><a rel=\"noreferrer noopener\" href=\"http:\/\/www.dardilly.fr\/\" target=\"_blank\" data-type=\"URL\" data-id=\"http:\/\/www.dardilly.fr\/\">Site de la mairie de Dardilly<\/a><\/li><li><a href=\"http:\/\/www.cdde.fr\/\" data-type=\"URL\" data-id=\"http:\/\/www.cdde.fr\/\" target=\"_blank\" rel=\"noreferrer noopener\">Site de la paroisse de Dardilly<\/a><\/li><li><a href=\"https:\/\/www.enseignementcatho-lyon.eu\/\" data-type=\"URL\" data-id=\"https:\/\/www.enseignementcatho-lyon.eu\/\">Le site de la Direction dioc\u00e9saine du Rh\u00f4ne<\/a><\/li><li><a rel=\"noreferrer noopener\" href=\"http:\/\/enseignement-catholique.fr\/\" target=\"_blank\">http:\/\/enseignement-catholique.fr<\/a>\u00a0: Le site de l&#8217;enseignement catholique<\/li><li><a rel=\"noreferrer noopener\" href=\"http:\/\/www.apel.asso.fr\/\" target=\"_blank\">http:\/\/www.apel.asso.fr<\/a>: Le site des associations des parents d&#8217;\u00e9l\u00e8ves de l&#8217;enseignement libre<\/li><li><a rel=\"noreferrer noopener\" href=\"http:\/\/www.fnogec.org\/\" target=\"_blank\">http:\/\/www.fnogec.org<\/a>\u00a0: Le site de la f\u00e9d\u00e9ration des organismes de gestion de l&#8217;enseignement catholique<\/li><li><a rel=\"noreferrer noopener\" href=\"https:\/\/sacrecoeurecully.com\/\" target=\"_blank\" data-type=\"URL\" data-id=\"https:\/\/sacrecoeurecully.com\/\">Coll\u00e8ge Sacr\u00e9 Coeur<\/a>\u00a0\u00e0 Ecully<\/li><li><a rel=\"noreferrer noopener\" href=\"http:\/\/www.stjosephtassin.org\/\" target=\"_blank\">Coll\u00e8ge Saint Joseph<\/a>\u00a0\u00e0 Tassin<\/li><li><a rel=\"noreferrer noopener\" href=\"http:\/\/www.controle-parental.net\/\" target=\"_blank\">Des conseils sur le contr\u00f4le parental<\/a><\/li><\/ul>\n\n\n\n<ul><li>L\u2019Onisep pr\u00e9sente un guide \u00e0 t\u00e9l\u00e9charger pour l\u2019entr\u00e9e en 6\u00e8me&nbsp;<a rel=\"noreferrer noopener\" href=\"http:\/\/www.onisep.fr\/6e-special-parents\" target=\"_blank\">http:\/\/www.onisep.fr\/6e-special-parents<\/a><\/li><li>Apel de l\u2019acad\u00e9mie de Lyon \u2013 7 rue Vaubecour \u2013 69002 Lyon \u2013 T\u00e9l. 09 63 52 47 30 <a href=\"mailto:apel.academie.lyon@orange.fr\" data-type=\"mailto\" data-id=\"mailto:apel.academie.lyon@orange.fr\">apel.academie.lyon@orange.fr<\/a> \u2013&nbsp;<a rel=\"noreferrer noopener\" href=\"http:\/\/academielyon.apel.fr\/\" target=\"_blank\">http:\/\/academielyon.apel.fr<\/a><\/li><li>Le lien de la mutuelle, pour \u00e9diter vos attestations d&#8217;assurance (l&#8217;assurance scolaire de vos enfants est comprise dans la scolarit\u00e9) :&nbsp;<a rel=\"noreferrer noopener\" href=\"http:\/\/saint-christophe-assurances.fr\/informations-pratiques\/espace-parents\" target=\"_blank\">http:\/\/saint-christophe-assurances.fr\/informations-pratiques\/espace-parents<\/a><\/li><\/ul>\n\n\n\n<p><\/p>\n","protected":false},"excerpt":{"rendered":"<p>Voici quelques liens qui sont toujours utiles : Ecole Directe TouteMonAnn\u00e9e Site de la mairie de Dardilly Site de la paroisse de Dardilly Le site [&hellip;]<\/p>\n","protected":false},"author":2,"featured_media":0,"parent":0,"menu_order":0,"comment_status":"closed","ping_status":"closed","template":"","meta":[],"_links":{"self":[{"href":"https:\/\/www.ecolesaintjosephdardilly.fr\/index.php\/wp-json\/wp\/v2\/pages\/81"}],"collection":[{"href":"https:\/\/www.ecolesaintjosephdardilly.fr\/index.php\/wp-json\/wp\/v2\/pages"}],"about":[{"href":"https:\/\/www.ecolesaintjosephdardilly.fr\/index.php\/wp-json\/wp\/v2\/types\/page"}],"author":[{"embeddable":true,"href":"https:\/\/www.ecolesaintjosephdardilly.fr\/index.php\/wp-json\/wp\/v2\/users\/2"}],"replies":[{"embeddable":true,"href":"https:\/\/www.ecolesaintjosephdardilly.fr\/index.php\/wp-json\/wp\/v2\/comments?post=81"}],"version-history":[{"count":5,"href":"https:\/\/www.ecolesaintjosephdardilly.fr\/index.php\/wp-json\/wp\/v2\/pages\/81\/revisions"}],"predecessor-version":[{"id":108,"href":"https:\/\/www.ecolesaintjosephdardilly.fr\/index.php\/wp-json\/wp\/v2\/pages\/81\/revisions\/108"}],"wp:attachment":[{"href":"https:\/\/www.ecolesaintjosephdardilly.fr\/index.php\/wp-json\/wp\/v2\/media?parent=81"}],"curies":[{"name":"wp","href":"https:\/\/api.w.org\/{rel}","templated":true}]}}